 q(z) = -4*z**3 + 3*z**2 + z. Let t(y) = -5*y**3 + 4*y**2 + y. Let h(p) = -7*q(p) + 6*t(p). Let w = 936 - 939. List the prime factors of h(w).
2, 3, 7
Let c = -101 - -535. Let h = c - 255. Let z = h - -112. What are the prime factors of z?
3, 97
Let s(q) = -q**3 + q**2 - 6 + 5*q**3 - 3*q**2 - q. Let f be (4/3)/((-33)/(594/(-8))). List the prime factors of s(f).
3
List the prime factors of (1/(4/47806))/(43 - 2380/56).
11, 41, 53
Suppose 0 = -24*m + 1168 - 208. Suppose -9135 = -47*y + m*y. List the prime factors of y.
3, 5, 29
Suppose -12*p + 2*p + 14100 = -0*p. What are the prime factors of p?
2, 3, 5, 47
Suppose -3*p - 11 = 13. Suppose 5*u = 2*k - 39, 4*k + 14 = 5*u + 77. List the prime factors of (k/(-5))/((16/5)/p).
2, 3
Let d(f) = 2*f**2 + 5*f - 1. Let j be d(1). Let r = j + -4. Suppose 0 = -r*w + 2*g + 194, 0 = -3*w + 2*g + 27 + 268. What are the prime factors of w?
101
Let c(s) = -s**3 - 47*s**2 - 25*s + 116. List the prime factors of c(-50).
2, 11, 13, 31
Suppose -1046 = -5*l - 4*o + 27, 3*l = 5*o + 666. Let v = l - 146. List the prime factors of 1*v - (-12)/(-4).
2, 17
Let j = 1348 + -753. Let t(v) = v**3 + 2*v**2 - 4*v + 2. Let d be t(-3). List the prime factors of (-44)/d*j/(-34).
2, 7, 11
Let h be 22990/(-19)*1/(-1). Suppose -44*d = -55*d + h. List the prime factors of d.
2, 5, 11
Suppose 2*i + 166105 = 5*h, -23*i = -27*i + 20. What are the prime factors of h?
33223
Suppose 3*h - n - 43027 = 22186, 4*n - 21755 = -h. What are the prime factors of h?
21739
Suppose 0 = 4*k + 3*d - 65904, k - d - 16469 = -0*d. What are the prime factors of k?
3, 17, 19
Let i = 5800 + 7453. What are the prime factors of i?
29, 457
Suppose -2*a + 6*a = -48. Let q(k) be the first derivative of k**3/3 + k**2/2 + 3*k + 218. List the prime factors of q(a).
3, 5
Let r(d) = -3*d - 15. Let p(l) = 12*l + 59. Let f(h) = -2*p(h) - 9*r(h). Let a be f(-5). List the prime factors of (-8)/(-20) - ((-264)/15 + a).
2
Suppose 13859 - 269 = p + w, -3*p + 2*w + 40805 = 0. What are the prime factors of p?
13597
Let s(c) = 0 - 794*c**3 + 2*c - 112*c**2 + 110*c**2 + 2. What are the prime factors of s(-1)?
2, 3, 11
Let i = 583 + -24. Let h = i + -423. What are the prime factors of h?
2, 17
Let v be 6/4 + (-42)/(-4). Let d(w) = -w**2 + 12*w + 5. Let z be d(v). Suppose -t + z*t - 252 = 0. What are the prime factors of t?
3, 7
Suppose 48*j + 7558 = 50*j. Let y = j - 2690. List the prime factors of y.
3, 11
Suppose 0 = -5*j - 3*f + 963, -4*j = -16*f + 19*f - 768. Suppose -21*x = -18*x - j. List the prime factors of x.
5, 13
Let t(z) = z**2 + 10 + 0*z**2 - 34 - 9*z. Let n be ((-3570)/20)/21 + (-1)/2. What are the prime factors of t(n)?
2, 3, 23
Let i = -12 + 14. Suppose -11 = -i*j - 3. Let x = j - -109. List the prime factors of x.
113
Suppose 5 = -u + 23. Let x be 2*(-14)/(-4)*u/(-42). List the prime factors of (-496)/(-12) - x*2/9.
2, 3, 7
Suppose 4*v + 5 + 10 = -3*t, -2*t - 10 = v. Suppose -5*c - 3*i - i - 7 = 0, -c - 2*i + 1 = v. What are the prime factors of 1*c - 270/(-18)?
2, 3
Suppose -3*o = 4*j + 53, o - 5*j - 3 = -8. Let x(p) = p**3 + 17*p**2 + 30*p + 12. What are the prime factors of x(o)?
2, 3
Suppose -73*f - 20 = -78*f. Suppose -v + 16 = 3*d + 2*d, -f*d + 12 = v. List the prime factors of d.
2
Let j = 10837 + -7677. Suppose 0 = 76*l - 66*l - j. List the prime factors of l.
2, 79
Suppose -2*r - x + 238 = 0, -108 = -r + 10*x - 5*x. Let o = -105 + r. Suppose o*c - 851 = 1632. List the prime factors of c.
191
Suppose -3*s - 5*i = 8, 2*s - 5*i = -10*i - 12. Suppose 2*r = m - s*m, 10 = r - m. Let o = r - -40. What are the prime factors of o?
2, 23
Let p be 1307 - 4/(-1) - 5. Suppose 4*t + 3*w - w + p = 0, -1595 = 5*t - 5*w. Let y = t - -484. What are the prime factors of y?
2, 5
Let q(k) = k**3 + 5*k**2 - 21*k + 36. Let z be q(-11). Let m = 709 + z. List the prime factors of m.
2, 5
Suppose -4*x - 96 = -25*b + 29*b, -3*x + 12 = 0. Suppose -119 = 5*v + 126. List the prime factors of (35/b - -2) + v/(-4).
13
Let p(a) = a**2 + 4*a + 7. Let z be p(-9). Let v = 475 - z. What are the prime factors of v?
3, 47
Suppose 45*g - 247887 = 346608. List the prime factors of g.
11, 1201
Let f(o) = 20 + 15*o**2 - 14*o**2 - 10 + 15. Suppose -17 = 3*c + 16. List the prime factors of f(c).
2, 73
Let n(s) = -8*s + 16. Let k be n(2). Let a(g) = -g**2 - 10*g + 64. List the prime factors of a(k).
2
Let f(t) be the third derivative of t**6/180 + 7*t**5/30 + 3*t**4/4 - 10*t**2. Let v(w) be the second derivative of f(w). List the prime factors of v(0).
2, 7
Let c be -18*4/(-12)*1/3. Suppose -91 + 897 = c*t. What are the prime factors of t?
13, 31
Let l = 146 - 135. What are the prime factors of (1592/(-2))/(l - 12)?
2, 199
Let b(p) be the third derivative of -13*p**4/24 + 2*p**3/3 + 3*p**2 + 5*p. List the prime factors of b(-5).
3, 23
Suppose -5 = 2*b - 17. Suppose -t + b*t - 192 = -i, 4*i + 2*t = 678. List the prime factors of i.
167
Suppose -5*o = -2*j + 27, 3*j + 0*j + 4*o - 52 = 0. Suppose j*s - 12*s = 1956. List the prime factors of s.
3, 163
Let j(r) = -r**3 - 5*r**2 + 6*r + 6. Let q be j(-7). Let a = 98 - q. Suppose a = p - 36. List the prime factors of p.
2, 3
Let q(c) = 408*c**2 - 91*c - 994. List the prime factors of q(-11).
5, 79
Suppose 0 = -7*u + 137 + 479. Suppose 3*i - 47 - u = 0. List the prime factors of i.
3, 5
Let f(i) = 279*i**2 - 10*i - 31. List the prime factors of f(-8).
5, 3581
Suppose -20 - 10 = -5*h. Let l = h + 7. Suppose 840 = -3*r + l*r. List the prime factors of r.
2, 3, 7
Let s(c) be the second derivative of c**4/12 + 3*c**3/2 + 7*c**2 + 46*c. List the prime factors of s(-23).
2, 3, 7
Let d = 1533 - 776. Suppose -150 = 10*b + 5*b. List the prime factors of d/11 + b/(-55).
3, 23
Suppose -3*x = -78*z + 77*z - 27615, -46024 = -5*x + 2*z. What are the prime factors of x?
2, 4603
Let n = -14994 - -55970. What are the prime factors of n?
2, 13, 197
Let f(w) = 7*w - 1. Let n(y) = -21*y + 4. Suppose -7*q - 7*q = 112. Let k(x) = q*f(x) - 3*n(x). List the prime factors of k(15).
101
Suppose 203*u - 1307854 - 1279178 = 0. What are the prime factors of u?
2, 3, 59
Let y = 28580 + -15379. List the prime factors of y.
43, 307
Let l(f) = -48*f - 189. Let r be l(-16). Let q = 2265 - r. What are the prime factors of q?
2, 3, 281
Let d = 36936 - 12884. What are the prime factors of d?
2, 7, 859
Let k(s) = s**2 + 5*s + 4. Let z be k(-4). Suppose 0 = -y - 3*p, 3*y + 2*p - 14 = -z. Let o(g) = 2*g**2 - 10*g + 11. List the prime factors of o(y).
23
Let o(x) = 3*x**3 - x**2 + 3*x - 186. Let v(q) = -13*q**3 + 4*q**2 - 13*q + 744. Let i(m) = -9*o(m) - 2*v(m). List the prime factors of i(0).
2, 3, 31
Suppose -d - 3*m = -2304, -3*d - m + 3244 = -3636. Suppose -14*f + d = -12*f. List the prime factors of f.
2, 3, 191
Suppose -65*l - 56*l = 44*l - 8472090. What are the prime factors of l?
2, 25673
Let t be -5 + (-5 - 16) - 4. Let z be (-1 - 95) + (t - -31). Let d = z + 121. What are the prime factors of d?
2, 13
Let a be 0 + ((-1238)/(-10))/(16/80). Suppose 5*x = 156 + a. What are the prime factors of x?
5, 31
What are the prime factors of -1 - -20922 - (-5 - -2)*-3?
2, 1307
Let q = 64 + 2. Let z = q + -56. Suppose -6*j - 572 = -z*j. List the prime factors of j.
11, 13
Let o(y) = y - 2*y - 12 + 5*y + 0*y. Let f be o(3). Suppose f = -d - 2*d + 5*k + 14, 5*k = -5*d + 90. What are the prime factors of d?
13
Suppose m - 16 = -4*q, -q + m + 5 = 2*q. Suppose -6*t = -j - 2*t + 10, q*t + 14 = 4*j. Suppose 0 = 7*k - j*k - 660. List the prime factors of k.
2, 3, 11
Let v = -1601 - -2964. List the prime factors of v.
29, 47
Let d be ((-3)/6)/((-13)/(-130)). List the prime factors of (d + 7)/((-18)/(-387)).
43
Let z(f) = -5*f + 10. Let s be z(0). Suppose -s*k + 5*k = -290. What are the prime factors of k?
2, 29
Suppose 6*u = 4*u + 462. Let i = u + -166. What are the prime factors of i?
5, 13
Let z be 535*(-1)/(-1 - -2). Let o = 892 + z. What are the prime factors of o?
3, 7, 17
Suppose -700*i + 749156 = 714*i - 1391*i. What are the prime factors of i?
2, 17, 479
Let m be (80/12)/5 - (-2)/3. Let u(b) = 14*b**3 + 4*b**2 - 3*b. Let x be u(m). Suppose 0 = -5*q + 20, -3*s - 2*s - 3*q = -x. What are the prime factors of s?
2, 11
Suppose 2*h - 3*h + 101 = 0. Suppose 11*q + 2 = h. Let l(k) = k**2 - 3*k - 9. List th